 - (-21 - -50)))?
-51
What is 10 + 2 - (565 - 504)?
-49
What is 29 + 1 + -1 + 93 + 3 + -90?
35
What is (-3 - (13 + 4)) + (15 - 19) + (-63 - -70)?
-17
Evaluate (0 - (4 + -2 + 3 + 14)) + 3 + 2.
-14
Calculate 183 - 54 - 43 - 20.
66
What is the value of -19 + (33 - (-14 + 21 + -5))?
12
Evaluate 2 + 33 + 15 + -10 + -9 + 2.
33
Evaluate (-5 - -3 - (2 - -7)) + -1695 + 1707 - 20.
-19
-25 - (7 + -5) - (366 + -349)
-44
Calculate (-105 + 37 - -80) + -131.
-119
Calculate 5 + -6 + -9 + 7 + -7 - (-5 - 24).
19
-12 - 3 - (-23 + -19 + -3 + 26 + -83)
87
Evaluate 22 - (-4 + -40 + 39).
27
What is the value of -15 - -56 - (16 - -40)?
-15
60 - (-46 + 36) - 9
61
What is (-36 - 13) + (0 - -14 - 39 - -10)?
-64
Calculate -121 + 100 + (18 - 0) + (74 - -1) + -1.
71
What is 29 - -28 - 103 - 25?
-71
15 + -87 + -11 + (5 - (-6 + -2))
-70
What is 7 + (-7 - (-17 - (-1 - 13))) + -55?
-52
What is 40 - ((110 - 159) + 2 + 11)?
76
Evaluate (-3 + 5 - (56 - 1)) + -49 + -67 + 124.
-45
What is 6 + (7 + -9 - 1 - (-7 + 3 - -8))?
-1
What is the value of -18 + 29 - (1 + 11) - -52?
51
What is the value of -26 + -4 - ((86 - 57) + -53 + (1 - -14))?
-21
What is 0 + 1 + 47 + (-14 + -26 - -30)?
38
What is the value of (76 - 116) + (-1 - 1) + 4 + -10?
-48
What is -164 + (133 - 47) + -26?
-104
Evaluate (-284 + 250 - (-2 - 21)) + 13 - (2 + 58).
-58
18 + 1 - (15 + 5 + -1 + (-36 - -32))
4
What is 100 + (170 - 182) + (-5 - -10) + -13?
80
What is 0 - 64 - (-3606 + 3587)?
-45
What is -5 + (7 - (5 - -1) - -3) - 13?
-14
(-6179 - -6166) + (6 + 0 - -1)
-6
Calculate 1 + 63 + (-142 - -93).
15
What is the value of (-5 - (3 + -14)) + 1169 + -1189?
-14
Calculate 10 - (13 - 1) - (-5 + 1 + 6) - -16.
12
23 + (10 - -23) + -7
49
What is the value of 8 + 0 + (-1 - ((-4 - -8) + 5))?
-2
What is the value of 25 + -77 - (-60 - 10)?
18
What is the value of (0 + 25 + -11 + -19 - -2) + -5?
-8
Evaluate -8 + 2 + -4 + 4 + -7 + 11 + -28.
-30
What is (58 - (370 + -303)) + 0 + 0?
-9
What is the value of (-87 - -170) + 0 + (3 - (9 + -14))?
91
Calculate 8 - 1 - ((31 - -67 - 44) + (-1 - -5)).
-51
Calculate -147 + 122 + 10 + -1.
-16
What is (0 - 20) + -19599 + 19716?
97
-119 - (6 + (1 - 2 - (-311 - -331)))
-104
Calculate -300 - -306 - (3 - (1 - -14)).
18
Evaluate -2 - (8 + -3 + -10 + 2 + -16 + 14).
3
Calculate 43 + (20 - 58) + 14.
19
11 - (6 + 16 + -7 + -6) - 38
-36
What is the value of -1 - -14 - 19 - (-42 + (3 - (-2 + 3)))?
34
What is the value of -726 + 662 - (-90 + 7)?
19
What is the value of 0 - (1 + 5 + -2) - (-61 - (-10 - -13))?
60
What is the value of -13 - (-4 - -5) - (67 - 70)?
-11
Evaluate (-1 - 48) + (43 + (-78 - -44) - -6).
-34
2 + -54 - (4 - (-7 + 10 + (-11 - -11)))
-53
Calculate (56 - (67 - 94)) + -107.
-24
Calculate 524 + -539 + -31 + 31 + 0 + 1.
-14
Calculate 11 + 1 + -20 + -110 + 116 + 100.
98
(-23 - -2) + -10 + 84 + -75
-22
What is 194 - 285 - (-6 + -54)?
-31
6 + (-29 - -22 - 6) - (4 + (8 - 0))
-19
Calculate 17 - (-1 - (6 + 11 + -21)).
14
Evaluate -56 - (-2 - 3) - (33 + -18 + -20).
-46
Calculate 46 + -39 + 17 + 21 - 21.
24
Calculate (4 - 4) + 11 - (12 - 1 - (139 - 129)).
10
Calculate -1 + -6 + (-40 - -13 - (48 + -47)).
-35
What is (1 - (10 - (-13 - -17)) - -6) + 23?
24
Evaluate 69 + -21 + -46 - 21.
-19
-4 + -25 + 61 + -65
-33
What is 2 + 4 + 0 + (-705 - -704)?
5
Calculate (39 - 44) + 23 - 34.
-16
Evaluate (-12 - -8) + 41 + -10.
27
What is 687 + -698 - ((-2 - 1) + -36)?
28
Calculate (-14 - (47 - 15 - 1)) + (-3 + 15 - 3).
-36
2 + (9 - -1) + (25 - (4 - 13))
46
What is the value of 49 + (32 - 44 - 7)?
30
What is the value of 0 + 4 + -3 + 1 - 1 - (-464 + 392)?
73
What is 74 + -7 + 10 + 65 + -38?
104
Calculate 19 - 19 - (-158 - -248).
-90
What is 0 - (0 - 10) - (92 + -68 + 15 - 60)?
31
What is (-22 - 6 - 11) + 61 + -26?
-4
(10 - (-4 - 35)) + (-7 - -27 - 4) + -4
61
Calculate (67 - 25) + -25 - 65.
-48
Evaluate (56 - -1 - -1) + (-1932 - -1909) + 0 + 26.
61
Calculate (41 - -93 - 36) + -50.
48
(5 - (8 - (34 + 5))) + -8
28
What is 1 + -17 + (31 - 29)?
-14
Evaluate (-5 - (-4 + 3)) + 21 + (1 - -4) + -9.
13
Evaluate 16 - (-99 + 56 + -7).
66
What is (-4 - 25) + -1 + 24 - (-2 + -33)?
29
What is the value of -17 - ((-2 + -3 - (153 + -162)) + -9)?
-12
What is the value of -24 + 204 + -163 + -123?
-106
39 + -42 + (42 - (16 - 37))
60
-30 - (-44 - (32 + (-29 - -22)))
39
What is the value of -6 - -2 - 17 - (21 + (36 - 54))?
-24
Evaluate 5 + -3 - 3 - (24 + 11 + -11 + 31).
-56
-6 + 28 + (-69 - -34) + (0 - -73) - 9
51
Calculate -5 + -40 + 16 - -21.
-8
What is the value of 10117 + -10081 + -21 + -2?
13
(-1 + 23 - 21) + -44 + 3
-40
What is 31 - 32 - (48 + 15 + -27)?
-37
Evaluate -244 - -244 - ((-3 - 2) + -3) - 11.
-3
Calculate -12 + (17 - 30 - -32 - 7).
0
Evaluate -22 + 7 + 44 - (2 + (0 - -2)) - -10.
35
What is the value of 31 + 0 - (63 + -32 + -30 - 6)?
36
Calculate (-28 - -134 - 38) + -1 + -16.
51
What is 14 + (0 - (308 + -307 - (0 + -48)))?
-35
878 + -964 - (-6 + (-2 - -4)) - (2 + -11)
-73
Evaluate 17 + (8 - 8 - -17) + -16 - -19.
37
What is (-45 - 2 - (153 + -142) - -11) + 11?
-36
Calculate (-16 + (19 - 6) - -39) + 6 + -7 + 6.
41
(-14 + -12 + -1 - -24) + -2 + 2 + -42
-45
What is the value of (38 - -2) + ((-1 - -12) + -11 - 15)?
25
146 - (153 + (-138 - -103))
28
Calculate 22 - (-10 - (-57 - -41)) - (-1 - -15).
2
Calculate 8 + (346 - 345 - (0 - 44)).
53
What is 1966 + -1800 - (70 - -8)?
88
Calculate 58 + 50 + 49 + -171.
-14
What is 5 - (10 - (4 - 2)) - 1 - (1 - -20)?
-25
Evaluate (4 - 45) + 6 + -10 + 4 + 3.
-38
Evaluate 5 - (20 + 7 + 1 + -16) - -1.
-6
-48 + 32 + -2 + 12 + 9 - -8
11
What is -39 - -67 - 110 - (5 - 7 - -8)?
-88
Calculate 28 + 0 + (1 - -236) + -306.
-41
Calculate -120 + 50 + 14 + 124.
68
(224 - 2) + -114 + 3 + -23
88
Evaluate 22 + 59 + (-27 - -17) + 13.
84
What is the value of -62 - (16 - 1 - (5 - -1)) - -14?
-57
What is the value of -63 - (-66 - (-24 - -148))?
127
What is the value of (3 - -1 - 32) + (-9 - (2 - 11))?
-28
Calculate 1 + -2 + 2 + (600 - 601) - (-78 + 1).
77
What is -8 + -5 + (-253 - -336)?
70
What is -60 + 66 + (1 - -6) + -2 + -22?
-11
Evaluate (-18 - -24) + 15 + (-10 - -5) + 22.
38
What is -15 - (20 - 19) - 1 - -11 - -91?
85
(-132 - -14) + (-14 - (-11 + -39))
-82
Calculate (36 - 64 - -59) + -17.
14
What is 0 + (-3 - (-3 + 1)) - (-82 + 33 + 82)?
-34
What is the value of -5212 - -5223 - (3 + (89 - 1))?
-80
Calculate -92 + (73 - (-117 + 22)).
76
What is (17 - 24) + (2 - 11) + 133 + 33 + -38?
112
What is the value of (47 - (-44 + 88 - -12)) + (-119 - -1)?
-127
What is -45 - (-5 - (-2 - (-59 - -56 - (-8 + 1))))?
-46
What is -84 - -119 - (-14 - (7 - 11))?
45
Evaluate -39 + -92 + 250 + 7.
126
(12 - 1) + (93 - 298) + 107
-87
Calculate 3 + (-79 - -42) + 12 + (2 - -13).
-7
(190 - 220) + 11 + -26
-45
What is 77 + -14 + -40 - 54?
-31
Calculate 1 - 5 - ((-15 - (32 - 14)) + (-7 - -2)).
34
(-1367 - -1356) + -16 + -2
-29
Evaluate -2 + 50 + (773 - 920).
-99
Evaluate 2153 + -2151 - (-2 - (-15 - 0) - -2).
-13
Calculate -156 - -127 - (2 + -20) - (13 + 2).
-26
Evaluate -9 + (22 + (-27 - -23) - -34).
43
What is (25 - 14) + (7 + (2 - 14) - 49)?
-43
What is the value of -53 + (2 - -10 - (-47 - -39 - -26))?
-59
Evaluate -12 + 5 + -23 - (-883 + 905).
-52
12 - (3 + 6) - (-2 - -20)
-15
What is the value of 16 - (20 + 25) - 10?
-39
68 + (-191 - -94) + -46
-75
Evaluate -77 + (112 - -84) + -38.
81
What is 9509 - 9469 - (113 - 2)?
-71
Calculate 28 + 1 - (5301 + -5243).
-29
Evaluate -1 - -120 - ((101 - -19) + -124) - -10.
133
Calculate 1369 + -1347 - (6 + -10 + -42).
68
What is the value of -54 - (56 + -32) - -40?
-38
Evaluate -40 + (-108 - -33) + 12 - 23.
-126
Calculate 26 + (-13 + 14 - 19) + -7.
1
Calculate -17 + -15 + 22 + 29.
19
Evaluate -43 - (-18 - 3) - (-2 - -42).
-62
Calculate -28 - (-34 - -19) - (20 + (-17 - -8) - 87).
63
What is the value of -47 - (-14 + -87 + 16 + 16)?
22
What is the value of -11 + (-14 - (-21 - -13)) - 24?
-41
Evaluate -162 + (-29 - ((-54 - -32) + -51)).
-118
What is the value of -1213 - -1181 - (-1 - -74)?
-105
What is (29 - -133 - 24) + -69?
69
What is the value of -9 + 3 + (905 - 946)?
-47
Evaluate -43 + (-26 - (37 - 158)) + 0 + 14.
66
What is 11 - ((-33 - (-16 - 12)) + (21 - 0))?
-5
What is the value of -76 + -2 + 571 + -440?
53
Evaluate 33 + 2 + -190 + 198.
43
Calculate 68 + 55 + (79 - 272).
-70
What is the v